{"id":274,"date":"2024-11-22T14:33:38","date_gmt":"2024-11-22T13:33:38","guid":{"rendered":"https:\/\/ebed-futar.hu\/joyson\/menu\/vegyes-zoldsegkoret-kis-adag\/"},"modified":"2026-04-02T07:31:03","modified_gmt":"2026-04-02T05:31:03","slug":"vegyes-zoldsegkoret-kis-adag","status":"publish","type":"product","link":"https:\/\/ebed-futar.hu\/joyson\/menu\/vegyes-zoldsegkoret-kis-adag\/","title":{"rendered":"Vegyes z\u00f6lds\u00e9gk\u00f6ret kis adag"},"content":{"rendered":"","protected":false},"excerpt":{"rendered":"","protected":false},"featured_media":0,"template":"","meta":{"_acf_changed":false,"_monsterinsights_skip_tracking":false,"_monsterinsights_sitenote_active":false,"_monsterinsights_sitenote_note":"","_monsterinsights_sitenote_category":0},"product_brand":[],"product_cat":[62],"product_tag":[],"class_list":{"0":"post-274","1":"product","2":"type-product","3":"status-publish","5":"product_cat-koretek","7":"first","8":"instock","9":"shipping-taxable","10":"product-type-simple"},"yoast_head":"\nVegyes z\u00f6lds\u00e9gk\u00f6ret kis adag - Eb\u00e9dfut\u00e1r - Joyson<\/title>\n<meta name=\"robots\" content=\"noindex, follow, max-snippet:-1, max-image-preview:large, max-video-preview:-1\" \/>\n<meta property=\"og:locale\" content=\"hu_HU\" \/>\n<meta property=\"og:type\" content=\"article\" \/>\n<meta property=\"og:title\" content=\"Vegyes z\u00f6lds\u00e9gk\u00f6ret kis adag - Eb\u00e9dfut\u00e1r - Joyson\" \/>\n<meta property=\"og:url\" content=\"https:\/\/ebed-futar.hu\/joyson\/menu\/vegyes-zoldsegkoret-kis-adag\/\" \/>\n<meta property=\"og:site_name\" content=\"Eb\u00e9dfut\u00e1r - Joyson\" \/>\n<meta property=\"article:publisher\" content=\"https:\/\/www.facebook.com\/EbedfutarKft\/\" \/>\n<meta property=\"article:modified_time\" content=\"2026-04-02T05:31:03+00:00\" \/>\n<meta property=\"og:image\" content=\"https:\/\/ebed-futar.hu\/joyson\/wp-content\/uploads\/sites\/3\/2024\/10\/site_image.jpg\" \/>\n\t<meta property=\"og:image:width\" content=\"1200\" \/>\n\t<meta property=\"og:image:height\" content=\"675\" \/>\n\t<meta property=\"og:image:type\" content=\"image\/jpeg\" \/>\n<meta name=\"twitter:card\" content=\"summary_large_image\" \/>\n<script type=\"application\/ld+json\" class=\"yoast-schema-graph\">{\"@context\":\"https:\\\/\\\/schema.org\",\"@graph\":[{\"@type\":\"WebPage\",\"@id\":\"https:\\\/\\\/ebed-futar.hu\\\/joyson\\\/menu\\\/vegyes-zoldsegkoret-kis-adag\\\/\",\"url\":\"https:\\\/\\\/ebed-futar.hu\\\/joyson\\\/menu\\\/vegyes-zoldsegkoret-kis-adag\\\/\",\"name\":\"Vegyes z\u00f6lds\u00e9gk\u00f6ret kis adag - Eb\u00e9dfut\u00e1r - Joyson\",\"isPartOf\":{\"@id\":\"https:\\\/\\\/ebed-futar.hu\\\/joyson\\\/#website\"},\"datePublished\":\"2024-11-22T13:33:38+00:00\",\"dateModified\":\"2026-04-02T05:31:03+00:00\",\"breadcrumb\":{\"@id\":\"https:\\\/\\\/ebed-futar.hu\\\/joyson\\\/menu\\\/vegyes-zoldsegkoret-kis-adag\\\/#breadcrumb\"},\"inLanguage\":\"hu\",\"potentialAction\":[{\"@type\":\"ReadAction\",\"target\":[\"https:\\\/\\\/ebed-futar.hu\\\/joyson\\\/menu\\\/vegyes-zoldsegkoret-kis-adag\\\/\"]}]},{\"@type\":\"BreadcrumbList\",\"@id\":\"https:\\\/\\\/ebed-futar.hu\\\/joyson\\\/menu\\\/vegyes-zoldsegkoret-kis-adag\\\/#breadcrumb\",\"itemListElement\":[{\"@type\":\"ListItem\",\"position\":1,\"name\":\"Kezd\u0151lap\",\"item\":\"https:\\\/\\\/ebed-futar.hu\\\/joyson\\\/\"},{\"@type\":\"ListItem\",\"position\":2,\"name\":\"\u00c9tel rendel\u00e9s\",\"item\":\"https:\\\/\\\/ebed-futar.hu\\\/joyson\\\/etlap\\\/\"},{\"@type\":\"ListItem\",\"position\":3,\"name\":\"Vegyes z\u00f6lds\u00e9gk\u00f6ret kis adag\"}]},{\"@type\":\"WebSite\",\"@id\":\"https:\\\/\\\/ebed-futar.hu\\\/joyson\\\/#website\",\"url\":\"https:\\\/\\\/ebed-futar.hu\\\/joyson\\\/\",\"name\":\"Eb\u00e9dfut\u00e1r - Joyson\",\"description\":\"Minden, ami vend\u00e9gl\u00e1t\u00e1s\",\"publisher\":{\"@id\":\"https:\\\/\\\/ebed-futar.hu\\\/joyson\\\/#organization\"},\"potentialAction\":[{\"@type\":\"SearchAction\",\"target\":{\"@type\":\"EntryPoint\",\"urlTemplate\":\"https:\\\/\\\/ebed-futar.hu\\\/joyson\\\/?s={search_term_string}\"},\"query-input\":{\"@type\":\"PropertyValueSpecification\",\"valueRequired\":true,\"valueName\":\"search_term_string\"}}],\"inLanguage\":\"hu\"},{\"@type\":\"Organization\",\"@id\":\"https:\\\/\\\/ebed-futar.hu\\\/joyson\\\/#organization\",\"name\":\"Eb\u00e9dfut\u00e1r Kft.\",\"url\":\"https:\\\/\\\/ebed-futar.hu\\\/joyson\\\/\",\"logo\":{\"@type\":\"ImageObject\",\"inLanguage\":\"hu\",\"@id\":\"https:\\\/\\\/ebed-futar.hu\\\/joyson\\\/#\\\/schema\\\/logo\\\/image\\\/\",\"url\":\"https:\\\/\\\/ebed-futar.hu\\\/joyson\\\/wp-content\\\/uploads\\\/sites\\\/3\\\/2024\\\/10\\\/cropped-jabil_logo_web.png\",\"contentUrl\":\"https:\\\/\\\/ebed-futar.hu\\\/joyson\\\/wp-content\\\/uploads\\\/sites\\\/3\\\/2024\\\/10\\\/cropped-jabil_logo_web.png\",\"width\":117,\"height\":150,\"caption\":\"Eb\u00e9dfut\u00e1r Kft.\"},\"image\":{\"@id\":\"https:\\\/\\\/ebed-futar.hu\\\/joyson\\\/#\\\/schema\\\/logo\\\/image\\\/\"},\"sameAs\":[\"https:\\\/\\\/www.facebook.com\\\/EbedfutarKft\\\/\"]}]}<\/script>\n<!-- \/ Yoast SEO plugin. -->","yoast_head_json":{"title":"Vegyes z\u00f6lds\u00e9gk\u00f6ret kis adag - Eb\u00e9dfut\u00e1r - Joyson","robots":{"index":"noindex","follow":"follow","max-snippet":"max-snippet:-1","max-image-preview":"max-image-preview:large","max-video-preview":"max-video-preview:-1"},"og_locale":"hu_HU","og_type":"article","og_title":"Vegyes z\u00f6lds\u00e9gk\u00f6ret kis adag - Eb\u00e9dfut\u00e1r - Joyson","og_url":"https:\/\/ebed-futar.hu\/joyson\/menu\/vegyes-zoldsegkoret-kis-adag\/","og_site_name":"Eb\u00e9dfut\u00e1r - Joyson","article_publisher":"https:\/\/www.facebook.com\/EbedfutarKft\/","article_modified_time":"2026-04-02T05:31:03+00:00","og_image":[{"width":1200,"height":675,"url":"https:\/\/ebed-futar.hu\/joyson\/wp-content\/uploads\/sites\/3\/2024\/10\/site_image.jpg","type":"image\/jpeg"}],"twitter_card":"summary_large_image","schema":{"@context":"https:\/\/schema.org","@graph":[{"@type":"WebPage","@id":"https:\/\/ebed-futar.hu\/joyson\/menu\/vegyes-zoldsegkoret-kis-adag\/","url":"https:\/\/ebed-futar.hu\/joyson\/menu\/vegyes-zoldsegkoret-kis-adag\/","name":"Vegyes z\u00f6lds\u00e9gk\u00f6ret kis adag - Eb\u00e9dfut\u00e1r - Joyson","isPartOf":{"@id":"https:\/\/ebed-futar.hu\/joyson\/#website"},"datePublished":"2024-11-22T13:33:38+00:00","dateModified":"2026-04-02T05:31:03+00:00","breadcrumb":{"@id":"https:\/\/ebed-futar.hu\/joyson\/menu\/vegyes-zoldsegkoret-kis-adag\/#breadcrumb"},"inLanguage":"hu","potentialAction":[{"@type":"ReadAction","target":["https:\/\/ebed-futar.hu\/joyson\/menu\/vegyes-zoldsegkoret-kis-adag\/"]}]},{"@type":"BreadcrumbList","@id":"https:\/\/ebed-futar.hu\/joyson\/menu\/vegyes-zoldsegkoret-kis-adag\/#breadcrumb","itemListElement":[{"@type":"ListItem","position":1,"name":"Kezd\u0151lap","item":"https:\/\/ebed-futar.hu\/joyson\/"},{"@type":"ListItem","position":2,"name":"\u00c9tel rendel\u00e9s","item":"https:\/\/ebed-futar.hu\/joyson\/etlap\/"},{"@type":"ListItem","position":3,"name":"Vegyes z\u00f6lds\u00e9gk\u00f6ret kis adag"}]},{"@type":"WebSite","@id":"https:\/\/ebed-futar.hu\/joyson\/#website","url":"https:\/\/ebed-futar.hu\/joyson\/","name":"Eb\u00e9dfut\u00e1r - Joyson","description":"Minden, ami vend\u00e9gl\u00e1t\u00e1s","publisher":{"@id":"https:\/\/ebed-futar.hu\/joyson\/#organization"},"potentialAction":[{"@type":"SearchAction","target":{"@type":"EntryPoint","urlTemplate":"https:\/\/ebed-futar.hu\/joyson\/?s={search_term_string}"},"query-input":{"@type":"PropertyValueSpecification","valueRequired":true,"valueName":"search_term_string"}}],"inLanguage":"hu"},{"@type":"Organization","@id":"https:\/\/ebed-futar.hu\/joyson\/#organization","name":"Eb\u00e9dfut\u00e1r Kft.","url":"https:\/\/ebed-futar.hu\/joyson\/","logo":{"@type":"ImageObject","inLanguage":"hu","@id":"https:\/\/ebed-futar.hu\/joyson\/#\/schema\/logo\/image\/","url":"https:\/\/ebed-futar.hu\/joyson\/wp-content\/uploads\/sites\/3\/2024\/10\/cropped-jabil_logo_web.png","contentUrl":"https:\/\/ebed-futar.hu\/joyson\/wp-content\/uploads\/sites\/3\/2024\/10\/cropped-jabil_logo_web.png","width":117,"height":150,"caption":"Eb\u00e9dfut\u00e1r Kft."},"image":{"@id":"https:\/\/ebed-futar.hu\/joyson\/#\/schema\/logo\/image\/"},"sameAs":["https:\/\/www.facebook.com\/EbedfutarKft\/"]}]}},"acf":[],"_links":{"self":[{"href":"https:\/\/ebed-futar.hu\/joyson\/wp-json\/wp\/v2\/product\/274","targetHints":{"allow":["GET"]}}],"collection":[{"href":"https:\/\/ebed-futar.hu\/joyson\/wp-json\/wp\/v2\/product"}],"about":[{"href":"https:\/\/ebed-futar.hu\/joyson\/wp-json\/wp\/v2\/types\/product"}],"wp:attachment":[{"href":"https:\/\/ebed-futar.hu\/joyson\/wp-json\/wp\/v2\/media?parent=274"}],"wp:term":[{"taxonomy":"product_brand","embeddable":true,"href":"https:\/\/ebed-futar.hu\/joyson\/wp-json\/wp\/v2\/product_brand?post=274"},{"taxonomy":"product_cat","embeddable":true,"href":"https:\/\/ebed-futar.hu\/joyson\/wp-json\/wp\/v2\/product_cat?post=274"},{"taxonomy":"product_tag","embeddable":true,"href":"https:\/\/ebed-futar.hu\/joyson\/wp-json\/wp\/v2\/product_tag?post=274"}],"curies":[{"name":"wp","href":"https:\/\/api.w.org\/{rel}","templated":true}]}}